{"id":5672464,"date":"2024-07-14T05:51:01","date_gmt":"2024-07-14T05:51:01","guid":{"rendered":"https:\/\/cpg.ihub4.dev\/?page_id=5672464"},"modified":"2024-10-12T13:53:43","modified_gmt":"2024-10-12T13:53:43","slug":"storia-e-attualita","status":"publish","type":"page","link":"https:\/\/www.centropapagiovanni.ch\/index.php\/storia-e-attualita\/","title":{"rendered":"Storia e Attualit\u00e0"},"content":{"rendered":"<section class=\"wpb-content-wrapper\">[vc_row full_height=&#8221;yes&#8221;][vc_column][vc_empty_space]<div class=\"norebro-heading-sc heading text-left\"\n\tid=\"norebro-custom-69f336d147c4d\" \n\t \n\t>\n\t\n\t\t\t<p class=\"subtitle\">\n\t\t\t\t\t<\/p>\n\t\n\t\n\t<h1 class=\"title subtitle-top\">\n\t\tStoria e Attualit\u00e0\t<\/h1>\n\n\t\n\t\t\n<\/div>[vc_empty_space]<div class=\"norebro-text-sc \" \n\tid=\"norebro-custom-69f336d147d29\" \n\t \n\t>\n\n\t<p>La nostra storia prende avvio il 6 maggio del 1894, allorch\u00e9 il Padre Cappuccino, padre Giocondo da Vaglio, giunse a Lucerna \u201cper prestare l\u2019occorrente servizio pastorale agli operai italiani\u201d.<\/p>\n<p>Agli inizi degli anni \u201960, a causa di un\u2019accentuata immigrazione, soprattutto dal Meridione d\u2019Italia, la diocesi di Basilea diede vita a nuove Missioni Cattoliche Italiane nel Canton Lucerna, sorsero cos\u00ec quelle di Sursee, nel 1962, nel 1966 quella di Emmenbr\u00fccke e nel 1968 quella di Hochdorf.<\/p>\n<p>L\u2019evoluzione della societ\u00e0, il percorso d\u2019integrazione e non ultima la diminuzione di sacerdoti ha fatto s\u00ec che il 27 novembre 2011 con il decreto del Vescovo Felix Gm\u00fcr nascesse la nuova Missione Cattolica di Lingua Italiana nel Canton Lucerna, che ha la sua sede presso il nuovo Centro Papa Giovanni di Emmenbr\u00fccke.<\/p>\n<p>Luogo di accoglienza e fraternit\u00e0 per tutti i cattolici italiani del Canton Lucerna. La sua realizzazione ha creato fattivamente uno spirito di unit\u00e0 e di comunit\u00e0, pi\u00f9 di 100 operai specializzati nei vari ambiti dell\u2019edilizia, a titolo gratuito e volontario, hanno lavorato nelle sere e nei fine settimana per realizzare questa splendida opera. A loro va la nostra gratitudine ed ammirazione.<\/p>\n<p><img loading=\"lazy\" decoding=\"async\" class=\"alignnone size-full wp-image-5673220\" src=\"\/wp-content\/uploads\/sites\/9\/2024\/08\/CPG_New-6878_res.jpg\" alt=\"\" width=\"2000\" height=\"798\" srcset=\"https:\/\/www.centropapagiovanni.ch\/wp-content\/uploads\/sites\/9\/2024\/08\/CPG_New-6878_res.jpg 2000w, https:\/\/www.centropapagiovanni.ch\/wp-content\/uploads\/sites\/9\/2024\/08\/CPG_New-6878_res-300x120.jpg 300w, https:\/\/www.centropapagiovanni.ch\/wp-content\/uploads\/sites\/9\/2024\/08\/CPG_New-6878_res-1024x409.jpg 1024w, https:\/\/www.centropapagiovanni.ch\/wp-content\/uploads\/sites\/9\/2024\/08\/CPG_New-6878_res-768x306.jpg 768w, https:\/\/www.centropapagiovanni.ch\/wp-content\/uploads\/sites\/9\/2024\/08\/CPG_New-6878_res-1536x613.jpg 1536w, https:\/\/www.centropapagiovanni.ch\/wp-content\/uploads\/sites\/9\/2024\/08\/CPG_New-6878_res-1920x766.jpg 1920w\" sizes=\"auto, (max-width: 2000px) 100vw, 2000px\" \/>Un progetto cos\u00ec grande ha bisogno di un\u2019anima e di un cuore di pastore, che lo renda possibile. Il nostro grazie e la nostra riconoscenza a don Mimmo Basile, promotore di quest\u2019opera, a tutti i sacerdoti che lo hanno preceduto con il loro instancabile lavoro pastorale, tenendo viva la nostra cultura e la nostra fede.<\/p>\n<p>Un grazie di cuore all\u2019istituzione Migrantenseelsorge, che ha contribuito a finanziare l\u2019opera ed alla comunit\u00e0 cattolica di Emmen, che ha messo gratuitamente a disposizione il terreno dove sorge il Centro Papa Giovanni.<\/p>\n<p>A te che stai leggendo, desideriamo dare il nostro pi\u00f9 sentito e fraterno benvenuto, con l\u2019augurio che ben presto anche tu potrai sentirti parte di questa grande famiglia, impegnata a testimoniare l\u2019amore del Padre nelle diverse situazioni della vita!<\/p>\n<p>Tanti gruppi, iniziative e feste popolano le nostre attivit\u00e0, continua il tuo percorso e scopri le nostre belle iniziative che aspettano te.<\/p>\n<p>Felici di poterti incontrare, ti salutiamo.<\/p>\n<p>Il missionario don Stefano Ranfi ed il suo Team Pastorale<\/p>\n\t\n<\/div>[\/vc_column][\/vc_row]\n<\/section>","protected":false},"excerpt":{"rendered":"<p>[vc_row full_height=&#8221;yes&#8221;][vc_column][vc_empty_space][vc_empty_space][\/vc_column][\/vc_row]<\/p>\n","protected":false},"author":1,"featured_media":0,"parent":0,"menu_order":0,"comment_status":"closed","ping_status":"closed","template":"","meta":{"footnotes":""},"class_list":["post-5672464","page","type-page","status-publish","hentry"],"_links":{"self":[{"href":"https:\/\/www.centropapagiovanni.ch\/index.php\/wp-json\/wp\/v2\/pages\/5672464","targetHints":{"allow":["GET"]}}],"collection":[{"href":"https:\/\/www.centropapagiovanni.ch\/index.php\/wp-json\/wp\/v2\/pages"}],"about":[{"href":"https:\/\/www.centropapagiovanni.ch\/index.php\/wp-json\/wp\/v2\/types\/page"}],"author":[{"embeddable":true,"href":"https:\/\/www.centropapagiovanni.ch\/index.php\/wp-json\/wp\/v2\/users\/1"}],"replies":[{"embeddable":true,"href":"https:\/\/www.centropapagiovanni.ch\/index.php\/wp-json\/wp\/v2\/comments?post=5672464"}],"version-history":[{"count":23,"href":"https:\/\/www.centropapagiovanni.ch\/index.php\/wp-json\/wp\/v2\/pages\/5672464\/revisions"}],"predecessor-version":[{"id":5673464,"href":"https:\/\/www.centropapagiovanni.ch\/index.php\/wp-json\/wp\/v2\/pages\/5672464\/revisions\/5673464"}],"wp:attachment":[{"href":"https:\/\/www.centropapagiovanni.ch\/index.php\/wp-json\/wp\/v2\/media?parent=5672464"}],"curies":[{"name":"wp","href":"https:\/\/api.w.org\/{rel}","templated":true}]}}

Storia e Attualità

<section class="wpb-content-wrapper">[vc_row full_height=&#8221;yes&#8221;][vc_column][vc_empty_space]<div class="norebro-heading-sc heading text-left"
	id="norebro-custom-69f336d147c4d" 
	 
	>
	
			<p class="subtitle">
					</p>
	
	
	<h1 class="title subtitle-top">
		Storia e Attualità	</h1>

	
		
</div>[vc_empty_space]<div class="norebro-text-sc " 
	id="norebro-custom-69f336d147d29" 
	 
	>

	<p>La nostra storia prende avvio il 6 maggio del 1894, allorché il Padre Cappuccino, padre Giocondo da Vaglio, giunse a Lucerna “per prestare l’occorrente servizio pastorale agli operai italiani”.</p>
<p>Agli inizi degli anni ’60, a causa di un’accentuata immigrazione, soprattutto dal Meridione d’Italia, la diocesi di Basilea diede vita a nuove Missioni Cattoliche Italiane nel Canton Lucerna, sorsero così quelle di Sursee, nel 1962, nel 1966 quella di Emmenbrücke e nel 1968 quella di Hochdorf.</p>
<p>L’evoluzione della società, il percorso d’integrazione e non ultima la diminuzione di sacerdoti ha fatto sì che il 27 novembre 2011 con il decreto del Vescovo Felix Gmür nascesse la nuova Missione Cattolica di Lingua Italiana nel Canton Lucerna, che ha la sua sede presso il nuovo Centro Papa Giovanni di Emmenbrücke.</p>
<p>Luogo di accoglienza e fraternità per tutti i cattolici italiani del Canton Lucerna. La sua realizzazione ha creato fattivamente uno spirito di unità e di comunità, più di 100 operai specializzati nei vari ambiti dell’edilizia, a titolo gratuito e volontario, hanno lavorato nelle sere e nei fine settimana per realizzare questa splendida opera. A loro va la nostra gratitudine ed ammirazione.</p>
<p><img loading="lazy" decoding="async" class="alignnone size-full wp-image-5673220" src="/wp-content/uploads/sites/9/2024/08/CPG_New-6878_res.jpg" alt="" width="2000" height="798" srcset="https://www.centropapagiovanni.ch/wp-content/uploads/sites/9/2024/08/CPG_New-6878_res.jpg 2000w, https://www.centropapagiovanni.ch/wp-content/uploads/sites/9/2024/08/CPG_New-6878_res-300x120.jpg 300w, https://www.centropapagiovanni.ch/wp-content/uploads/sites/9/2024/08/CPG_New-6878_res-1024x409.jpg 1024w, https://www.centropapagiovanni.ch/wp-content/uploads/sites/9/2024/08/CPG_New-6878_res-768x306.jpg 768w, https://www.centropapagiovanni.ch/wp-content/uploads/sites/9/2024/08/CPG_New-6878_res-1536x613.jpg 1536w, https://www.centropapagiovanni.ch/wp-content/uploads/sites/9/2024/08/CPG_New-6878_res-1920x766.jpg 1920w" sizes="auto, (max-width: 2000px) 100vw, 2000px" />Un progetto così grande ha bisogno di un’anima e di un cuore di pastore, che lo renda possibile. Il nostro grazie e la nostra riconoscenza a don Mimmo Basile, promotore di quest’opera, a tutti i sacerdoti che lo hanno preceduto con il loro instancabile lavoro pastorale, tenendo viva la nostra cultura e la nostra fede.</p>
<p>Un grazie di cuore all’istituzione Migrantenseelsorge, che ha contribuito a finanziare l’opera ed alla comunità cattolica di Emmen, che ha messo gratuitamente a disposizione il terreno dove sorge il Centro Papa Giovanni.</p>
<p>A te che stai leggendo, desideriamo dare il nostro più sentito e fraterno benvenuto, con l’augurio che ben presto anche tu potrai sentirti parte di questa grande famiglia, impegnata a testimoniare l’amore del Padre nelle diverse situazioni della vita!</p>
<p>Tanti gruppi, iniziative e feste popolano le nostre attività, continua il tuo percorso e scopri le nostre belle iniziative che aspettano te.</p>
<p>Felici di poterti incontrare, ti salutiamo.</p>
<p>Il missionario don Stefano Ranfi ed il suo Team Pastorale</p>
	
</div>[/vc_column][/vc_row]
</section>
