{"id":5672541,"date":"2024-07-14T20:00:31","date_gmt":"2024-07-14T20:00:31","guid":{"rendered":"https:\/\/cpg.ihub4.dev\/?page_id=5672541"},"modified":"2026-04-02T19:28:06","modified_gmt":"2026-04-02T19:28:06","slug":"gruppi-pensionati","status":"publish","type":"page","link":"https:\/\/www.centropapagiovanni.ch\/index.php\/i-nostri-gruppi\/gruppi-pensionati\/","title":{"rendered":"Gruppi Pensionati"},"content":{"rendered":"<section class=\"wpb-content-wrapper\">[vc_row][vc_column][vc_empty_space]<div class=\"norebro-heading-sc heading text-left\"\n\tid=\"norebro-custom-69f50a22a358a\" \n\t \n\t>\n\t\n\t\t\t<p class=\"subtitle\">\n\t\t\t\t\t<\/p>\n\t\n\t\n\t<h1 class=\"title subtitle-top\">\n\t\tGruppi Pensionati\t<\/h1>\n\n\t\n\t\t\n<\/div>[vc_empty_space]<div class=\"norebro-text-sc \" \n\tid=\"norebro-custom-69f50a22a36cf\" \n\t \n\t>\n\n\t<p>\u00c8 un gruppo aperto a tutti i pensionati, che abitano nella citt\u00e0 di Lucerna e nei comuni limitrofi. Il gruppo formato da circa 30 persone si ritrova una volta alla settimana, il <strong>gioved\u00ec pomeriggio<\/strong>, <strong>dalle ore 14.00 alle ore 17.00<\/strong>, presso la <strong>parrocchia san Paolo di Lucerna<\/strong>. Mensilmente don Stefano celebra l\u2019Eucaristia e cura anche alcuni momenti formativi.<\/p>\n<p>Esso ha l\u2019obiettivo di favorire l\u2019incontro delle persone della terza et\u00e0, che possono trascorrere insieme qualche ora in serenit\u00e0 e allegria. Attraverso incontri con esperti, proiezioni, dibattiti e visite guidate i partecipanti hanno altres\u00ec modo di migliorare la propria formazione culturale e religiosa.<\/p>\n<p>Il gruppo pensionati \u00e8 guidato da un direttivo, il quale ha il compito di suggerire e proporre il programma delle attivit\u00e0, che verranno svolte durante gli incontri.<\/p>\n<p><strong>Referenti del gruppo pensionati di Lucerna<\/strong> sono: <strong>Angelo Farina<\/strong> e <a href=\"\/index.php\/contatti\/\"><strong>suor Selvije<\/strong><\/a>.<\/p>\n\t\n<\/div>[\/vc_column][\/vc_row][vc_row][vc_column][vc_empty_space]<div class=\"norebro-heading-sc heading text-left\"\n\tid=\"norebro-custom-69f50a22a3732\" \n\t \n\t>\n\t\n\t\t\t<p class=\"subtitle\">\n\t\t\t\t\t<\/p>\n\t\n\t\n\t<h1 class=\"title subtitle-top\">\n\t\tGruppo Pensionati di Emmenbr\u00fccke\t<\/h1>\n\n\t\n\t\t\n<\/div>[vc_empty_space]<div class=\"norebro-text-sc \" \n\tid=\"norebro-custom-69f50a22a3802\" \n\t \n\t>\n\n\t<p>\u00c8 un gruppo molto numeroso formato di <strong>80 persone<\/strong> ed \u00e8 solito incontrarsi il <strong>marted\u00ec<\/strong> pomeriggio presso il nostro Centro Papa Giovanni, a partire <strong>dalle ore 14.00<\/strong>.<\/p>\n<p>Durante questi incontri i pensionati hanno l\u2019opportunit\u00e0 di trascorrere qualche oretta in buona compagnia, di giocare, divertirsi ed anche di conoscere ed imparare tante cose nuove grazie alle tante iniziative promosse dal gruppo nel corso dell\u2019anno, tra cui anche un corso di ginnastica posturale. Mensilmente il missionario celebra l&#8217;Eucaristia e curano alcuni momenti formativi.<br \/>\nIl gruppo \u00e8 guidato da un direttivo: per ulteriori informazioni potete <strong>prendere contatto con <a href=\"\/index.php\/contatti\/\">suor Selvije<\/a><\/strong>.<\/p>\n<p>Il <strong>Gruppo pensionati di Reiden<\/strong> \u00e8 formato da una trentina di persone che s\u2019incontrano rispettivamente un luned\u00ec al mese a Reiden. Esso \u00e8 guidato da un direttivo, che promuove momenti di amicizia, dialogo, tempo libero, spazi dedicati alla spiritualit\u00e0 e alla riflessione. Gli incontri cominciano con un momento di preghiera e proseguono con un\u2019attivit\u00e0 diversa ogni volta. L\u2019intento \u00e8 quello di offrire un\u2019occasione d\u2019incontro ai tanti pensionati che fanno riferimento alla nostra Missione: creare un legame tra le persone, dare la possibilit\u00e0 di parlare e condividere esperienze, gioie e dolori della vita.<\/p>\n<p><strong>Per qualsiasi ulteriore informazione contattare <a href=\"\/index.php\/contatti\/\">suor Selvije<\/a><\/strong>.<\/p>\n\t\n<\/div>[\/vc_column][\/vc_row]\n<\/section>","protected":false},"excerpt":{"rendered":"<p>[vc_row][vc_column][vc_empty_space][vc_empty_space][\/vc_column][\/vc_row][vc_row][vc_column][vc_empty_space][vc_empty_space][\/vc_column][\/vc_row]<\/p>\n","protected":false},"author":1,"featured_media":0,"parent":5672477,"menu_order":0,"comment_status":"closed","ping_status":"closed","template":"","meta":{"footnotes":""},"class_list":["post-5672541","page","type-page","status-publish","hentry"],"_links":{"self":[{"href":"https:\/\/www.centropapagiovanni.ch\/index.php\/wp-json\/wp\/v2\/pages\/5672541","targetHints":{"allow":["GET"]}}],"collection":[{"href":"https:\/\/www.centropapagiovanni.ch\/index.php\/wp-json\/wp\/v2\/pages"}],"about":[{"href":"https:\/\/www.centropapagiovanni.ch\/index.php\/wp-json\/wp\/v2\/types\/page"}],"author":[{"embeddable":true,"href":"https:\/\/www.centropapagiovanni.ch\/index.php\/wp-json\/wp\/v2\/users\/1"}],"replies":[{"embeddable":true,"href":"https:\/\/www.centropapagiovanni.ch\/index.php\/wp-json\/wp\/v2\/comments?post=5672541"}],"version-history":[{"count":9,"href":"https:\/\/www.centropapagiovanni.ch\/index.php\/wp-json\/wp\/v2\/pages\/5672541\/revisions"}],"predecessor-version":[{"id":5674646,"href":"https:\/\/www.centropapagiovanni.ch\/index.php\/wp-json\/wp\/v2\/pages\/5672541\/revisions\/5674646"}],"up":[{"embeddable":true,"href":"https:\/\/www.centropapagiovanni.ch\/index.php\/wp-json\/wp\/v2\/pages\/5672477"}],"wp:attachment":[{"href":"https:\/\/www.centropapagiovanni.ch\/index.php\/wp-json\/wp\/v2\/media?parent=5672541"}],"curies":[{"name":"wp","href":"https:\/\/api.w.org\/{rel}","templated":true}]}}

<section class="wpb-content-wrapper">[vc_row][vc_column][vc_empty_space]<div class="norebro-heading-sc heading text-left"
	id="norebro-custom-69f50a22a358a" 
	 
	>
	
			<p class="subtitle">
					</p>
	
	
	<h1 class="title subtitle-top">
		Gruppi Pensionati	</h1>

	
		
</div>[vc_empty_space]<div class="norebro-text-sc " 
	id="norebro-custom-69f50a22a36cf" 
	 
	>

	<p>È un gruppo aperto a tutti i pensionati, che abitano nella città di Lucerna e nei comuni limitrofi. Il gruppo formato da circa 30 persone si ritrova una volta alla settimana, il <strong>giovedì pomeriggio</strong>, <strong>dalle ore 14.00 alle ore 17.00</strong>, presso la <strong>parrocchia san Paolo di Lucerna</strong>. Mensilmente don Stefano celebra l’Eucaristia e cura anche alcuni momenti formativi.</p>
<p>Esso ha l’obiettivo di favorire l’incontro delle persone della terza età, che possono trascorrere insieme qualche ora in serenità e allegria. Attraverso incontri con esperti, proiezioni, dibattiti e visite guidate i partecipanti hanno altresì modo di migliorare la propria formazione culturale e religiosa.</p>
<p>Il gruppo pensionati è guidato da un direttivo, il quale ha il compito di suggerire e proporre il programma delle attività, che verranno svolte durante gli incontri.</p>
<p><strong>Referenti del gruppo pensionati di Lucerna</strong> sono: <strong>Angelo Farina</strong> e <a href="/index.php/contatti/"><strong>suor Selvije</strong></a>.</p>
	
</div>[/vc_column][/vc_row][vc_row][vc_column][vc_empty_space]<div class="norebro-heading-sc heading text-left"
	id="norebro-custom-69f50a22a3732" 
	 
	>
	
			<p class="subtitle">
					</p>
	
	
	<h1 class="title subtitle-top">
		Gruppo Pensionati di Emmenbrücke	</h1>

	
		
</div>[vc_empty_space]<div class="norebro-text-sc " 
	id="norebro-custom-69f50a22a3802" 
	 
	>

	<p>È un gruppo molto numeroso formato di <strong>80 persone</strong> ed è solito incontrarsi il <strong>martedì</strong> pomeriggio presso il nostro Centro Papa Giovanni, a partire <strong>dalle ore 14.00</strong>.</p>
<p>Durante questi incontri i pensionati hanno l’opportunità di trascorrere qualche oretta in buona compagnia, di giocare, divertirsi ed anche di conoscere ed imparare tante cose nuove grazie alle tante iniziative promosse dal gruppo nel corso dell’anno, tra cui anche un corso di ginnastica posturale. Mensilmente il missionario celebra l&#8217;Eucaristia e curano alcuni momenti formativi.<br />
Il gruppo è guidato da un direttivo: per ulteriori informazioni potete <strong>prendere contatto con <a href="/index.php/contatti/">suor Selvije</a></strong>.</p>
<p>Il <strong>Gruppo pensionati di Reiden</strong> è formato da una trentina di persone che s’incontrano rispettivamente un lunedì al mese a Reiden. Esso è guidato da un direttivo, che promuove momenti di amicizia, dialogo, tempo libero, spazi dedicati alla spiritualità e alla riflessione. Gli incontri cominciano con un momento di preghiera e proseguono con un’attività diversa ogni volta. L’intento è quello di offrire un’occasione d’incontro ai tanti pensionati che fanno riferimento alla nostra Missione: creare un legame tra le persone, dare la possibilità di parlare e condividere esperienze, gioie e dolori della vita.</p>
<p><strong>Per qualsiasi ulteriore informazione contattare <a href="/index.php/contatti/">suor Selvije</a></strong>.</p>
	
</div>[/vc_column][/vc_row]
</section>
